st common factor of 60 and a?
15
Let h be (21/(-9) + 5)/(11/165). Calculate the highest common divisor of h and 20.
20
Let l(x) = 56*x - 40. Let g be l(5). What is the highest common divisor of 45 and g?
15
Suppose -2*j = -10, -23*j + 20*j = 2*b - 31. Calculate the greatest common factor of 12 and b.
4
Suppose 0 = 2*b - 43 - 21. Let o be (-37)/6 + 2/12. Let r be (-20)/o*120/25. Calculate the greatest common divisor of b and r.
16
Let s(a) = -8*a - 3. Let c be s(0). Let f be (150/18 + c)/((-4)/(-138)). Suppose 3*z - 6 - 63 = 0. Calculate the greatest common factor of f and z.
23
Let b(u) = u**2 + 11*u + 2. Let q be b(-10). Let a be (-82)/(-4) - (12/q + 0). What is the highest common factor of 22 and a?
22
Let q be 6 + -7 + (-3)/(-1). Suppose -2*y = q*y - 20. Suppose 0 = y*d + 2*k - 64 - 95, 4*d = -5*k + 117. What is the highest common factor of d and 363?
33
Suppose -5*j = -0*j + 50. Let n be j/(-2)*8/5. Let v be -7 + 4 + -3 - -14. What is the greatest common divisor of n and v?
8
Let a be (16/24)/(2/39). Let m = 21 - -5. Calculate the highest common divisor of a and m.
13
Let d be (4 + 118)*(-6)/12*-1. Let f(r) = -r**2 - 2*r - 1. Let i be f(-1). Suppose i = -3*p + 11 + d. What is the highest common factor of p and 168?
24
Suppose 947*s - 953*s + 18 = 0. Let r be 25 - (2/2 + 0). Suppose -s*k + r = -6. What is the greatest common divisor of k and 40?
10
Suppose -t + 125 = 4. Let x(h) = h**2 - h - 1. Let b be (4 - 3)*(-4 + 1). Let c be x(b). What is the highest common factor of c and t?
11
Let f(g) = -g**3 + 9*g**2 - 8*g - 3. Let l be f(7). Let r = 14 + -11. Suppose r*m - 6*m + l = 0. Calculate the greatest common factor of m and 13.
13
Suppose -12*p - 1248 = -64*p. Suppose 0*l - 3 = -l. Calculate the highest common divisor of p and l.
3
Let y = 340 + -160. Let w = -4 - -22. Calculate the greatest common factor of w and y.
18
Let m = 9 - 3. Suppose x = m*x + 240. Let y be (x/15)/(2/(-10)). What is the highest common factor of y and 48?
16
Let z = 5 + -7. Let f be (-5 + (-7)/(-7))/(1/z). Calculate the highest common factor of f and 32.
8
Let k = 173 + -51. Let h = -54 - 11. Let g = h + k. What is the highest common divisor of g and 19?
19
Let p = -273 - -274. Suppose 0*r = -5*r. Suppose r = i - c - 9, -4*i - 1 = 2*c - 31. Calculate the greatest common factor of i and p.
1
Let q(g) = 2*g - 22*g**2 - 29*g**2 + 73*g**2. Let r be q(1). What is the highest common factor of 3 and r?
3
Let r = -1406 + 1995. Calculate the greatest common factor of 19 and r.
19
Let c(n) = -17*n**3 - 2*n**2 - 3*n - 2. Suppose 4*r = 4 - 8. Let d be c(r). What is the highest common factor of d and 144?
16
Suppose 0 = 10*p + 13*p - 3381. Calculate the greatest common divisor of p and 21.
21
Let h be 4/(1 - -3)*0. Suppose h = -4*b + 10*b - 840. What is the highest common divisor of b and 14?
14
Let o = 68 + -44. Suppose 0 = -2*u + t - 5*t + 176, 3*t = 3*u - 300. Calculate the greatest common divisor of o and u.
24
Let u be -20*(-6 + (-759)/(-110))*10/(-12). Suppose 2*i - 147 = i. Suppose -i = -z - 27. Calculate the highest common factor of z and u.
15
Let s be -2 + (5 - 1) - 0. Suppose -3*t + 19 = -s*t. Calculate the greatest common factor of t and 38.
19
Let k(g) = -g**3 - 5*g**2 + 6*g + 3. Let q be (-6)/(-2)*(-2 + 0). Let b be k(q). Let m be (-13 + b)*(-28)/8. What is the greatest common factor of m and 5?
5
Suppose f - 2*f = 6. Suppose g - 20 = 2*i, 6*i - 9*i + 2*g - 31 = 0. Let v be (100/f - -4)*i. What is the highest common divisor of v and 19?
19
Let b be 8/20 + (-586)/(-10). Calculate the greatest common factor of b and 4130.
59
Let y be (-20)/10 + (10 - -2). What is the highest common factor of 25 and y?
5
Suppose -75*x + 65 = -10. Suppose -6*i = -i - 25. Calculate the greatest common factor of x and i.
1
Suppose -5*r + 2*k + 62 = -296, 4*r + k = 289. Calculate the highest common factor of 360 and r.
72
Let s(x) be the first derivative of -5*x**2/2 + 24*x + 1. Let f be s(-10). Calculate the greatest common divisor of f and 111.
37
Let u be 71 - (9 + -10 - 8). Calculate the greatest common factor of 520 and u.
40
Let g(p) = p**2 - 9. Let b be g(-9). Suppose -9*m - 2 = -10*m. Suppose -m*c = -21 + 5. What is the highest common divisor of c and b?
8
Suppose 72 = 9*m - m. Suppose 3*v - 3*n - 534 = 0, 5*v + 696 = m*v + 4*n. Calculate the highest common factor of 22 and v.
22
Let i(m) = 12*m - 4. Let f be i(5). Suppose 5*x - 7*k - 56 = 0, 29 + 3 = 3*x - 5*k. What is the highest common divisor of f and x?
14
Let h(q) = -q - 6. Let f be h(-9). Suppose -6 = -3*l - 12. Let m be ((5 + -3)*-10)/l - -2. Calculate the greatest common divisor of f and m.
3
Let b(s) = -2*s**2 - 2*s**2 - 16*s - 4 - 11 + 2*s**2. Let k be b(-6). What is the highest common divisor of 27 and k?
9
Let g(i) = -7*i - 21. Let s be (3 - -3)/3 + -14. Let z be g(s). What is the greatest common factor of 9 and z?
9
Suppose 2*p - 24 = -0*p. Suppose 0 = -10*a + 18*a - 32. What is the highest common factor of p and a?
4
Let z(r) = 41*r - 4. Let k be 2 - (0 - 0 - -3). Let v(g) = -5*g - 2. Let p be v(k). Let s be z(p). What is the highest common divisor of s and 17?
17
Let l = -14 - -90. Suppose 10*j = -16 + l. Let v be 2 + 6 - (-1 + 0). Calculate the greatest common factor of j and v.
3
Let x = 539 + -537. Calculate the highest common factor of 109 and x.
1
Suppose -126 = -13*p + 1434. What is the greatest common divisor of 44 and p?
4
Let y(i) = -14*i**3 + 4*i**2 + 6*i + 4. Let z be y(-2). Calculate the greatest common factor of 24 and z.
24
Let j(v) = 28*v - 96. Let x be j(7). Calculate the greatest common divisor of x and 80.
20
Suppose 2*k + 5*f = 106, 5*f = k + 3*k - 212. Let b = k - 38. Let a(h) = -h**2 + 26*h - 18. Let m be a(17). Calculate the greatest common divisor of m and b.
15
Let b = 344 - 228. Suppose -f - b = f. Let n = -38 - f. Calculate the highest common factor of n and 80.
20
Suppose 0 = 10*z + 58 - 218. Calculate the highest common divisor of 232 and z.
8
Suppose -3*g = -2*r - 155 - 65, -g - 3*r = -66. Suppose -2*s - 5*c = -64, -3*c - 57 - 39 = -3*s. Let j = g - s. What is the highest common factor of j and 8?
8
Let d = 143 + -68. Let u be d/(-6)*(-12)/10. What is the highest common factor of u and 6?
3
Let o = 211 + 293. What is the highest common factor of o and 630?
126
Let d = 2 - 2. Suppose d*c - 3 = -c. Let b(q) = q**3 - 2*q**2 + 4. Let i be b(c). What is the highest common factor of 52 and i?
13
Let i be (230/(-40))/((-2)/16). What is the highest common factor of i and 322?
46
Let a be -3*(-12)/(-54)*(-214 + -2). What is the greatest common divisor of 180 and a?
36
Let c be 7/(245/4417) - (-2)/(-10). Let r be ((-7)/(-21))/(2/c). What is the greatest common divisor of r and 14?
7
Let o = -1 - 6. Let i = 190 - 178. Let f = i + o. Calculate the greatest common divisor of 25 and f.
5
Let z be (-28)/49 + (-580)/14. Let x = -22 - z. What is the greatest common divisor of 5 and x?
5
Suppose -3*c + 29 = -34. Calculate the highest common divisor of 1 and c.
1
Let i be 3/2*(14 - -184 - 0/(-2)). Suppose 2*s = 54 + 12. Calculate the highest common factor of s and i.
33
Suppose 0 = 5*g - c - 307, g - c - 65 = c. Let d be 610/6*(-150)/(-125). What is the greatest common divisor of d and g?
61
Let b(u) = 4*u**2 - 4. Let c be b(2). Suppose -p = 3*p - c. Suppose -n = n + 4*o - 36, p*n - 59 = -o. Calculate the greatest common factor of 4 and n.
4
Let i(j) = -155*j**3 - 2*j**2 - 4*j - 3. Let l be i(-1). Suppose -l = -9*r - 2*r. Calculate the greatest common divisor of r and 154.
14
Let l(z) = z**3 - 9*z**2 - 9*z - 5. Let n be l(10). Suppose n*a = j + 34, -5 = -6*j + j. What is the greatest common divisor of a and 77?
7
Suppose 6 = 3*x, 5*k + 5*x + 6 = -34. Let b(z) = z**3 + 10*z**2 + 4. Let j be b(k). What is the highest common factor of j and 44?
4
Suppose 20*o - 27*o = -28. What is the greatest common factor of o and 20?
4
Let i be (-24)/168 - (-2)/14. Let l be ((-3)/(-9) - i) + (-106)/(-6). What is the highest common divisor of l and 90?
18
Let b(m) = -8 - 14*m - 3*m**2 + 0 + 0 + 1. Let s be b(-4). What is the highest common factor of s and 5?
1
Let h(u) be the first derivative of u**3/3 - 3*u**2/2 + 3*u - 3. Let p be h(2). Suppose 4*t - 5 = -t. What is the highest common factor of t and p?
1
Let o be 0